
Let f(i) = 4*i**2 + 183*i + 728. What is the remainder when 2038 is divided by f(-4)?
58
Let q(u) = 21*u**2 + 2*u - 1. Let w be q(1). Suppose -2 = -2*o + w. Let k(p) = 11*p + 14. Calculate the remainder when k(4) is divided by o.
10
Let r(n) = -n**2 + 2*n + 4. Let h be r(2). Suppose 3*x - 8*x + p = 21, -5*x = -h*p + 24. What is the remainder when 127 is divided by 14 + -3 - 2 - x?
10
Let l(d) = d**2 + 93*d + 940. Calculate the remainder when l(-11) is divided by 16.
6
Let i be 0/(-12) + 0 + -2. Let d be 122/18 - i*(-1)/(-9). Suppose 0 = -4*t - d*t + 143. Calculate the remainder when 23 is divided by t.
10
Let u = 41204 - 25037. Calculate the remainder when u is divided by 188.
187
Let k(d) = 3*d**2 - 19*d - 4. Let s be k(9). Suppose -s*u - 704 = -64*u. Calculate the remainder when 34 is divided by (u/56)/((-2)/14).
12
Let x(n) = 2*n - 11. Let t(h) = 2*h - 11. Let i(c) = -3*t(c) + 4*x(c). Suppose -17*k + 310 - 72 = 0. What is the remainder when i(k) is divided by 6?
5
Let l be (8 + -4)/(2/2). Suppose 0 = -l*p - 4, -4*p = -3*c - 7*p + 216. What is the remainder when c is divided by ((-50)/(-15))/((-6)/(-27))?
13
Let p = 295 - 134. Let u = p + -144. Calculate the remainder when 64 is divided by u.
13
Suppose -19 - 81 = -3*f + 23. Calculate the remainder when f is divided by (-87)/(-15) + (-1)/(-5).
5
Suppose 5*t + 2*q - 4*q - 98 = 0, -2*t = -5*q - 35. Suppose t*w - 1310 = 470. What is the remainder when w is divided by 27?
8
Let p(t) = -2*t**2 - 4*t - 1. Let x be p(-1). Let k(i) = 28*i**3 + 5*i - 4. Calculate the remainder when 82 is divided by k(x).
24
Let h(x) = x**3 + 18*x**2 + 20*x + 55. Let y be h(-17). Suppose 2*c - 5*g = 70, g + 0 = y. Calculate the remainder when c is divided by 1 - 7*(0 - 1).
5
Let y = 68 + -42. Let q be (1/2)/(7/(-3304)). Let i = q + 250. Calculate the remainder when y is divided by i.
12
Suppose 420 = -5*x - 5*s, -183 = x + x + 5*s. Let b = x - -132. Calculate the remainder when b is divided by (-8)/14*84/(-24)*14.
25
Let z = 13348 + -9078. Suppose -50*n = 570 - z. What is the remainder when 219 is divided by n?
71
Suppose -122*o - 59598 = -199*o. Calculate the remainder when o is divided by 13.
7
Suppose -4*z + 416 = -2*g + 128, -z + 86 = -4*g. What is the remainder when -2*z/(0 + -1) is divided by 12?
8
Suppose 4*r - 2*h - 28 = 0, r + 8 + 0 = 3*h. What is the remainder when 1406 is divided by r?
6
Let h(o) = -2*o**2 - 8*o. Suppose 0 = -136*c + 112*c + 696. Calculate the remainder when c is divided by h(-3).
5
Suppose -2*d + 5*d = 573. Suppose 3*v - g + d = 7*v, -2*g = 4*v - 186. Let f(s) = 2*s**2 - 16*s - 27. What is the remainder when v is divided by f(10)?
10
What is the remainder when 313 is divided by 470/8 + ((-46)/8 - -5)?
23
Suppose 0 = -3*i - 16*i - 8075. Let c = 462 + i. What is the remainder when 108 is divided by c?
34
Calculate the remainder when 365 is divided by 115 - (-2 - (7 + -7)).
14
Let a be (20/6)/(((-40)/(-15))/8). Let m(h) = -h**3 + 8*h**2 + 24*h - 21. Calculate the remainder when m(a) is divided by 8.
3
Let t be 1019/2 + 10/20. Let a = t - 302. What is the remainder when a is divided by 19?
18
Let p(c) be the first derivative of c**4/4 - 7*c**3/3 + 5*c**2/2 - 7*c - 2. Let r = -2522 + 2529. Calculate the remainder when p(r) is divided by 16.
12
Suppose 0 = 5*z + x - 8231, -251*x = -2*z - 247*x + 3288. What is the remainder when z is divided by 9?
8
Let w(q) be the first derivative of -5*q**2/2 + 148*q - 10. What is the remainder when w(0) is divided by 50?
48
What is the remainder when 5*(-13)/325*-8685 is divided by 15?
12
Let q(t) = -4*t**3 - 423*t**2 + 76*t - 311. What is the remainder when q(-106) is divided by 82?
81
What is the remainder when 506 is divided by -2 + -3 + -342*(-13)/26?
8
Let k(a) = a**2 + a + 10. Let i be k(5). What is the remainder when (-8)/i + (-244)/(-20) is divided by 6?
0
Let q = -5637 - -6223. What is the remainder when q is divided by 103?
71
Suppose -5 = -5*n, 5 = 2*v - 27*n + 28*n. Suppose -83 = -v*b - 5*q, -12*q + 9*q - 43 = -2*b. Calculate the remainder when b is divided by 18.
11
Suppose -4 = 4*c - 2*l - 38, 16 = 4*c + 4*l. Suppose -155 - 41 = 7*z. Let g = 13 - z. What is the remainder when g is divided by c?
6
Let g = 20 + -10. Calculate the remainder when 2 + 4 - 162*-1 is divided by g.
8
Suppose -3*v + 94 = -17. Suppose -5*z - 5 = 5*k, -3*z + 5 = 2*k + 3. Calculate the remainder when v is divided by 8 + z + (-12)/3.
5
Let j = -50 + 55. Suppose -j*k + 4*k + 3 = 0. Suppose 52 = k*r - 5. What is the remainder when 37 is divided by r?
18
Let n = 324 + -169. Suppose 2*s - n = 2*x - 3*x, 4*x - s = 656. Suppose -10*y + 7*y + 99 = 0. Calculate the remainder when x is divided by y.
31
Let l = 3334 - 3288. What is the remainder when 3585 is divided by l?
43
Let d(a) = -49*a**3 + 11*a**2 + 22*a - 49. Calculate the remainder when d(-4) is divided by 212.
207
Let q = -155 - -158. Suppose -2*h + 37 = q*k, -5*k = -0*k + 4*h - 59. Calculate the remainder when 28*(3 - 2) - 0 is divided by k.
13
Let c(l) = -88*l**3 + 2 - 108752*l**2 - 10*l + 108752*l**2 - 13. Calculate the remainder when c(-1) is divided by 22.
21
What is the remainder when (-1145)/(-20)*4 - 8 is divided by 8/(-20) - 162/(-5)?
29
Let p be ((-4)/6)/((-1)/15). Suppose 4*s - 3*v - p = -v, 9 = 2*s + 3*v. Calculate the remainder when 2 is divided by (s/(-9))/(4/(-24)).
0
Suppose -5*c + 460 = -90. Let k be -2 + (-89 - (3 - -1)). Let r = c + k. Calculate the remainder when r is divided by 6.
3
Suppose 3 = -a, 5*l + 2*a = 5*a + 39. Suppose 5*c - 62 = 4*n - n, c + 6 = -4*n. What is the remainder when c is divided by -4*(-2 + l/4)?
0
Let f = -32 + 35. Suppose -f*j + 312 = -11*j. Calculate the remainder when 0 - (0 + 4) - j is divided by 13.
9
Suppose -5*j - j - 12 = 0. What is the remainder when 367 is divided by 90/24*(6/9 - j)?
7
Suppose -o = -3*d - 133 - 19, -2*o + 314 = -d. Let p = 198 - o. What is the remainder when p is divided by 22?
18
Let b = -11 + 11. Suppose b = 4*a - 5*a + 13. Suppose 3546*o - 3544*o + z = 9, -4*o + 13 = 3*z. What is the remainder when a is divided by o?
6
Let u = -106 + 215. Suppose -5*j = 4*v - u, 3*v + 2*j = 3*j + 96. Let k = 43 - v. Calculate the remainder when 23 is divided by k.
11
Calculate the remainder when 2548 is divided by 768/18 + 245/105.
28
Let h be 2 + -3 - (-38)/1. Suppose -5*d + 197 = -b - 2*b, -3*b - h = -d. What is the remainder when (16/d)/(2/230) is divided by 24?
22
Let s = 4372 - 4308. Calculate the remainder when 2686 is divided by s.
62
Let q = 2748 + -1495. What is the remainder when q is divided by 408?
29
Let g = 1595 - 1476. Calculate the remainder when g is divided by 15.
14
Suppose -78*f + 3783 + 2743 = 1534. Calculate the remainder when f is divided by 13.
12
Let d(j) = j**3 + 49*j**2 + 4*j + 473. What is the remainder when d(-49) is divided by 269?
8
Let q be 1/((-32)/(-24)) + (-87)/(-12). What is the remainder when (-131)/((-4 + 36/q)*-1) is divided by 24?
22
Let t = -13 + 40. What is the remainder when t is divided by 24*(-15)/(-270)*12?
11
Suppose 6*t - 5*y = 11*t - 5080, 0 = -2*t + 5*y + 2046. What is the remainder when t is divided by 66?
28
Suppose k - 26 = -2*z, 4*k - 61 - 43 = -4*z. Let i(m) = -15*m - 37. Calculate the remainder when i(-16) is divided by k.
21
Let t be -25 - -115 - (-1 - -4). Suppose 3*x + 996 = 3*j, j - 236 = -2*x + t. What is the remainder when j is divided by 22?
21
Suppose -5 = 3*o + 4. Let i(c) = -6*c + 8. Suppose 103 = 43*l - 42*l. Calculate the remainder when l is divided by i(o).
25
Let f(o) = -o**2 - 7*o - 42. Let t(n) = n**2 + 9*n + 42. Let d(l) = 3*f(l) + 4*t(l). What is the remainder when d(-13) is divided by 2 + (6 - 2 - -2)?
0
Suppose -10*u + 1434 + 2466 = 0. Suppose 351 = 13*s - u. Calculate the remainder when 227 is divided by s.
56
Let i(r) = r**2 + r + 13. Let x(m) = m**2 - 3*m + 4. Let k be x(0). Suppose k*a - 156 = -8. What is the remainder when a is divided by i(0)?
11
Suppose -2*t - 2 = -8. Let d be (-2 + 4 + -5)/((-1)/t). Suppose -d*i + 10*i = 26. What is the remainder when i is divided by 7?
5
Suppose 1344*u - 1395*u = -1887. Calculate the remainder when (-3)/(9/(-440)) - 6/9 is divided by u.
35
Let v = 205 + -214. Calculate the remainder when 108 is divided by (v/6 - -7)*(-1 - -3).
9
Let b = -214 + 318